 of 2307?
False
Is 4188 a factor of 728188500?
True
Is 48308892 a multiple of 789?
True
Is 28 a factor of 43479296?
True
Is 197 a factor of 2016442947?
True
Is 2914 a factor of 1457000?
True
Does 40 divide 845782080?
True
Is 665195535 a multiple of 8?
False
Does 296 divide 1131137475?
False
Does 245 divide 4369380?
False
Does 11 divide 56658415?
True
Is 4514436 a multiple of 267?
True
Does 113 divide 98478326?
False
Is 1301430636 a multiple of 2252?
False
Is 56214620 a multiple of 2321?
True
Is 139934 a multiple of 31?
True
Is 9 a factor of 16655364?
True
Is 82365268 a multiple of 12?
False
Is 1479280480 a multiple of 4242?
False
Does 2320 divide 335806080?
True
Is 5286878978 a multiple of 133?
False
Is 3 a factor of 10490385?
True
Is 152906870 a multiple of 10?
True
Does 61 divide 32163849?
False
Is 25 a factor of 109657925?
True
Does 2628 divide 65167825?
False
Does 11 divide 18900717?
True
Is 117 a factor of 3068594919?
True
Is 157264410 a multiple of 670?
True
Is 125 a factor of 255530346?
False
Does 610 divide 25734070?
True
Is 396906786 a multiple of 34?
True
Does 177 divide 6673431?
True
Does 50 divide 917264213?
False
Is 19 a factor of 77877371?
True
Is 814 a factor of 380345570?
True
Is 1705336823 a multiple of 1676?
False
Does 323 divide 18961519?
False
Does 99 divide 48597244?
False
Does 10 divide 18244160?
True
Does 2830 divide 1109793133?
False
Does 29 divide 7478121?
False
Is 1144978565 a multiple of 730?
False
Does 38 divide 66770066?
True
Is 22179484 a multiple of 604?
True
Is 184135120 a multiple of 130?
True
Does 45 divide 115893945?
True
Is 262 a factor of 8866604?
True
Is 100997256 a multiple of 186?
True
Is 40 a factor of 590293640?
True
Is 278 a factor of 334618230?
False
Is 49564663 a multiple of 4866?
False
Is 28 a factor of 8755589?
False
Is 5 a factor of 56217520?
True
Does 884 divide 462493396?
False
Is 53092942 a multiple of 1162?
True
Does 221 divide 86597082?
True
Is 112893326 a multiple of 14?
True
Is 56 a factor of 46410896?
True
Is 20668200 a multiple of 570?
True
Does 3869 divide 67575954?
True
Is 326 a factor of 1254064624?
True
Does 392 divide 109453883?
False
Is 3482 a factor of 100372038?
False
Does 720 divide 1060166061?
False
Does 38 divide 19125993?
False
Does 671 divide 29188103?
False
Is 82 a factor of 2506518852?
False
Does 2 divide 5390304?
True
Is 5976786 a multiple of 211?
True
Is 317 a factor of 64833647?
False
Does 67 divide 23663954?
False
Is 20 a factor of 16235151?
False
Does 571 divide 782343659?
True
Is 287 a factor of 994350532?
True
Does 1003 divide 142881362?
True
Is 4192475937 a multiple of 13?
True
Is 16276761 a multiple of 27?
True
Does 9 divide 66009456?
True
Is 5577903 a multiple of 14?
False
Is 100084318 a multiple of 56?
False
Does 113 divide 5895436?
True
Does 272 divide 200257824?
True
Is 15 a factor of 4918780?
False
Is 224380051 a multiple of 15?
False
Is 164 a factor of 3836829?
False
Is 52419378 a multiple of 121?
True
Is 17 a factor of 715122909?
False
Is 326 a factor of 144861995?
False
Is 22454643 a multiple of 129?
True
Is 2 a factor of 36660549?
False
Is 45556680 a multiple of 8268?
True
Is 34748000 a multiple of 30?
False
Is 13633570 a multiple of 1899?
False
Does 438 divide 605383014?
True
Is 77 a factor of 1048509?
True
Is 9 a factor of 13255533?
True
Is 1053 a factor of 19950138?
True
Does 46 divide 486819164?
False
Is 18135306 a multiple of 23?
False
Is 39993300 a multiple of 10?
True
Is 22123932 a multiple of 12?
True
Is 18 a factor of 16851312?
True
Does 1039 divide 333976160?
True
Is 968622671 a multiple of 27?
False
Is 2515 a factor of 109020220?
True
Is 25 a factor of 273278148?
False
Is 14 a factor of 28955540?
False
Is 1148606967 a multiple of 843?
False
Does 203 divide 14269073?
True
Does 13 divide 111723313?
True
Is 172 a factor of 328282812?
True
Is 6288821539 a multiple of 11?
True
Does 22 divide 29060790?
True
Is 2858239744 a multiple of 131?
True
Is 811516315 a multiple of 5095?
True
Is 26 a factor of 406398918?
False
Does 4345 divide 1217364720?
True
Does 270 divide 11037600?
True
Does 383 divide 74550567?
True
Is 27 a factor of 1421481139?
False
Does 67 divide 36377112?
False
Is 13 a factor of 1316552451?
False
Is 2546 a factor of 81683318?
True
Is 11321910 a multiple of 171?
True
Does 787 divide 11182483?
True
Is 35827680 a multiple of 96?
True
Is 108997435 a multiple of 4361?
False
Does 791 divide 198900089?
False
Does 17 divide 371474735?
True
Does 7520 divide 732703680?
True
Does 268 divide 71565112?
True
Does 26 divide 147135586?
True
Is 16504970 a multiple of 2?
True
Is 40 a factor of 403401612?
False
Is 237 a factor of 147410862?
False
Is 3781812935 a multiple of 144?
False
Does 32 divide 42113412?
False
Does 2122 divide 15371768?
True
Is 3391 a factor of 99382930?
False
Is 90731200 a multiple of 280?
True
Is 214 a factor of 13682689?
False
Is 53 a factor of 6128902?
False
Does 43 divide 1606437?
True
Is 344287241 a multiple of 191?
True
Is 517060620 a multiple of 1432?
False
Does 50 divide 3456790700?
True
Is 338 a factor of 3055756262?
True
Is 2456 a factor of 120854987?
False
Is 644 a factor of 41068524?
True
Does 2239 divide 208720154?
False
Does 112 divide 128580974?
False
Does 11 divide 57254153?
True
Is 125 a factor of 38742375?
True
Is 10801560 a multiple of 98?
True
Is 3674 a factor of 1748768890?
True
Does 185 divide 953643920?
True
Is 1619076955 a multiple of 571?
False
Does 18 divide 234583023?
False
Is 467 a factor of 996737932?
False
Is 54 a factor of 16157448?
True
Is 2228573025 a multiple of 225?
True
Is 29 a factor of 121175669?
False
Does 52 divide 107495492?
True
Does 465 divide 1796815?
False
Is 1879 a factor of 42863748?
True
Is 4912612404 a multiple of 104?
False
Is 170 a factor of 91226384?
False
Is 73 a factor of 394012161?
False
Is 112 a factor of 1257736480?
True
Does 349 divide 16428465?
False
Is 1155302841 a multiple of 539?
True
Is 1533 a factor of 185129745?
False
Does 145 divide 610647384?
False
Does 223 divide 35641198?
True
Is 307 a factor of 110763822?
False
Does 17 divide 15839430?
False
Is 26 a factor of 5773113?
False
Is 278 a factor of 14709814?
True
Is 18 a factor of 114200915?
False
Does 13 divide 25774125?
True
Is 1015624914 a multiple of 3162?
True
Is 13 a factor of 562499643?
False
Is 110215057 a multiple of 1564?
False
Is 1624966222 a multiple of 38?
True
Is 57747690 a multiple of 15?
True
Is 1453 a factor of 934411223?
True
Does 44 divide 31855780?
True
Is 28905100 a multiple of 433?
False
Is 55478342 a multiple of 5?
False
Is 10 a factor of 209022421?
False
Is 37335330 a multiple of 5?
True
Is 626 a factor of 212734832?
True
Is 121613376 a multiple of 427?
False
Does 18 divide 199401426?
True
Is 29 a factor of 59680869?
True
Is 370 a factor of 33860180?
True
Is 953404286 a multiple of 1747?
True
Is 5 a factor of 53849277?
False
Is 112 a factor of 5055456?
True
Is 4 a factor of 3806582?
False
Does 2 divide 101777989?
False
Is 152163264 a multiple of 2112?
True
Does 3726 divide 722117430?
True
Is 558140333 a multiple of 19?
True
Is 172618752 a multiple of 2287?
False
Is 22392471 a multiple of 195?
False
Does 14 divide 2918033052?
False
Does 4 divide 2551674311?
False
Is 5677 a factor of 437918103?
True
Does 28 divide 2265701743?
False
Is 15 a factor of 35615877?
False
Is 3 a factor of 1504077?
True
Is 61 a factor of 1653610765?
False
Is 12 a factor of 220098954?
False
Is 21470972 even?
True
Does 4940 divide 486614700?
True
Is 52 a factor of 450380060?
True
Is 20118150 a multiple of 9?
True
Is 5067 a factor of 973624050?
True
Is 51 a factor of 3428827?
False
Is 13 a factor of 46682735?
False
Is 954859702 a multiple of 153?
False
Is 13726360 a multiple of 76?
True
Is 54887404 a multiple of 22?
True
Is 132001358 a multiple of 11?
False
Is 208 a factor of 20116891?
False
Does 127 divide 4911058?
False
Does 310 divide 10922921?
False
Is 1110 a factor of 1343850802?
False
Does 1372 divide 30419984?
True
Is 138 a factor of 33165518?
False
Does 95 divide 288377924?
False
Is 90 a factor of 72317520?
True
Is 16975236 a multiple of 556?
True
Does 1489 divide 78951247?
True
Is 678 a factor of 10069606?
False
Does 136 divide 77390392?
True
Is 354421595 a multiple of 54?
False
Does 446 divide 756862?
True
Is 